 of 136 and 1598?
34
What is the greatest common factor of 68 and 102?
34
Calculate the greatest common factor of 245 and 112.
7
What is the greatest common divisor of 288 and 324?
36
Calculate the highest common divisor of 31 and 155.
31
Calculate the highest common divisor of 12 and 68.
4
Calculate the highest common divisor of 4922 and 642.
214
What is the greatest common divisor of 296 and 1448?
8
What is the highest common factor of 1312 and 6?
2
What is the highest common divisor of 13 and 689?
13
What is the highest common divisor of 252 and 112?
28
What is the highest common factor of 12 and 27?
3
Calculate the greatest common factor of 1088 and 51.
17
Calculate the greatest common factor of 621 and 81.
27
Calculate the highest common divisor of 22 and 2.
2
What is the greatest common factor of 2294 and 4958?
74
Calculate the greatest common factor of 112 and 98.
14
What is the highest common factor of 721 and 1339?
103
Calculate the greatest common divisor of 5 and 31.
1
Calculate the greatest common factor of 86 and 6278.
86
Calculate the highest common factor of 1352 and 1001.
13
What is the greatest common factor of 1820 and 26?
26
What is the greatest common divisor of 256 and 4320?
32
What is the greatest common divisor of 27 and 171?
9
What is the greatest common factor of 424 and 4558?
106
Calculate the highest common divisor of 15 and 215.
5
What is the highest common divisor of 35 and 14?
7
What is the highest common factor of 1883 and 7?
7
What is the greatest common divisor of 3832 and 16?
8
Calculate the highest common divisor of 90 and 1710.
90
What is the greatest common factor of 5513 and 149?
149
What is the greatest common factor of 32580 and 36?
36
What is the highest common factor of 475 and 133?
19
Calculate the greatest common divisor of 330 and 630.
30
What is the greatest common divisor of 55 and 1265?
55
Calculate the greatest common factor of 469 and 536.
67
What is the greatest common divisor of 747 and 63?
9
Calculate the highest common factor of 20 and 820.
20
What is the highest common divisor of 784 and 256?
16
What is the highest common divisor of 455 and 637?
91
Calculate the greatest common factor of 10 and 5470.
10
What is the greatest common factor of 2314 and 247?
13
What is the highest common factor of 152 and 16?
8
Calculate the greatest common factor of 73 and 15403.
73
Calculate the greatest common factor of 5 and 51.
1
What is the greatest common divisor of 130 and 310?
10
What is the highest common factor of 90 and 38655?
45
Calculate the highest common factor of 86 and 2.
2
Calculate the greatest common divisor of 1221 and 55.
11
Calculate the highest common factor of 52 and 702.
26
What is the highest common divisor of 448 and 5312?
64
What is the highest common factor of 1316 and 56?
28
Calculate the highest common divisor of 1755 and 975.
195
Calculate the highest common divisor of 5712 and 420.
84
Calculate the highest common divisor of 9 and 231.
3
Calculate the highest common factor of 46 and 122.
2
What is the highest common factor of 2433 and 3?
3
Calculate the highest common divisor of 2204 and 580.
116
Calculate the highest common factor of 126 and 294.
42
What is the greatest common factor of 608 and 64?
32
Calculate the highest common factor of 11413 and 101.
101
What is the highest common divisor of 34 and 442?
34
Calculate the highest common divisor of 602 and 910.
14
What is the highest common factor of 11596 and 52?
52
What is the greatest common divisor of 30 and 3840?
30
Calculate the highest common factor of 5845 and 28.
7
Calculate the greatest common divisor of 2510 and 50.
10
Calculate the highest common factor of 312 and 1612.
52
What is the highest common factor of 260 and 598?
26
Calculate the greatest common factor of 325 and 65.
65
Calculate the greatest common divisor of 63 and 112.
7
What is the greatest common divisor of 544 and 68?
68
Calculate the highest common factor of 111 and 407.
37
What is the greatest common divisor of 52 and 221?
13
What is the greatest common divisor of 435 and 6?
3
Calculate the highest common divisor of 142 and 6.
2
Calculate the greatest common factor of 552 and 138.
138
Calculate the highest common factor of 4 and 724.
4
What is the greatest common factor of 1363 and 232?
29
What is the highest common factor of 340 and 323?
17
Calculate the greatest common divisor of 378 and 231.
21
What is the greatest common divisor of 11436 and 60?
12
Calculate the greatest common divisor of 10872 and 18.
18
What is the highest common divisor of 1407 and 5025?
201
Calculate the highest common factor of 539 and 11.
11
Calculate the highest common factor of 18 and 219.
3
Calculate the highest common divisor of 9 and 78.
3
Calculate the greatest common factor of 768 and 114.
6
What is the highest common divisor of 21110 and 10?
10
What is the greatest common divisor of 8 and 128?
8
Calculate the greatest common factor of 112 and 252.
28
Calculate the highest common factor of 6534 and 162.
54
What is the highest common factor of 372 and 9021?
93
What is the highest common factor of 7756 and 56?
28
Calculate the greatest common divisor of 161 and 943.
23
Calculate the greatest common divisor of 27 and 153.
9
Calculate the greatest common factor of 145 and 116145.
145
What is the greatest common factor of 40 and 1180?
20
Calculate the greatest common factor of 113 and 8249.
113
What is the greatest common factor of 1212 and 27068?
404
What is the highest common factor of 26 and 403?
13
What is the greatest common divisor of 8 and 7?
1
Calculate the greatest common divisor of 8 and 64.
8
Calculate the greatest common factor of 156 and 39.
39
Calculate the highest common divisor of 9359 and 573.
191
Calculate the greatest common factor of 1751 and 309.
103
What is the greatest common factor of 390 and 420?
30
Calculate the greatest common divisor of 164 and 41.
41
What is the greatest common factor of 234 and 36?
18
Calculate the highest common divisor of 125 and 6125.
125
What is the highest common factor of 3290 and 188?
94
What is the greatest common divisor of 300 and 3?
3
What is the highest common divisor of 56 and 65548?
28
What is the highest common factor of 3621 and 51?
51
Calculate the greatest common factor of 648 and 1053.
81
What is the greatest common factor of 6 and 438?
6
What is the greatest common factor of 10 and 195?
5
What is the greatest common factor of 5 and 8?
1
What is the highest common divisor of 124 and 1364?
124
Calculate the highest common divisor of 120 and 21810.
30
What is the greatest common divisor of 150 and 250?
50
Calculate the greatest common divisor of 60 and 18.
6
Calculate the highest common divisor of 35 and 15.
5
What is the highest common factor of 408 and 288?
24
Calculate the highest common factor of 68 and 3298.
34
What is the greatest common factor of 1598 and 141?
47
Calculate the highest common divisor of 726 and 1518.
66
What is the highest common factor of 3325 and 2975?
175
Calculate the highest common factor of 237 and 41.
1
Calculate the greatest common factor of 692 and 1557.
173
Calculate the greatest common factor of 153 and 1513.
17
What is the highest common divisor of 37 and 666?
37
What is the greatest common factor of 247 and 76?
19
Calculate the highest common divisor of 572 and 13.
13
What is the greatest common factor of 1243 and 3842?
113
Calculate the greatest common factor of 189 and 243.
27
What is the highest common factor of 183 and 15?
3
Calculate the greatest common divisor of 2035 and 2405.
185
What is the highest common factor of 16 and 108?
4
What is the highest common factor of 23230 and 460?
230
Calculate the highest common factor of 70 and 470.
10
Calculate the greatest common divisor of 204 and 84.
12
Calculate the greatest common divisor of 80030 and 53.
53
What is the highest common factor of 22 and 418?
22
What is the greatest common factor of 900 and 135?
45
Calculate the greatest common factor of 19 and 589.
19
Calculate the greatest common factor of 775 and 25.
25
What is the highest common factor of 1512 and 828?
36
Calculate the greatest common divisor of 246 and 28618.
82
What is the greatest common divisor of 3211 and 171?
19
Calculate the highest common d